= -b**3 + 5*b**2 + 3*b - 4. Let l(d) = -d. Suppose 4*i - 36 = -2*s - 2*s, -s - 3 = -3*i. Let w(h) = s*l(h) + m(h). Calculate w(3).
5
Suppose -m - 10 = -p + 5*p, 5*m - 1 = -3*p. Let j(v) be the second derivative of -1/3*v**3 + 0 - m*v + 2*v**2. Calculate j(4).
-4
Let k be (4 - 0) + -4 - -5. Let c(t) = -2*t + 3. Determine c(k).
-7
Let n(y) = -1 + 2*y**2 + 0*y**2 - 4*y**2 - 5*y + y**2. Determine n(-6).
-7
Let v(p) be the third derivative of -2*p**2 - 1/4*p**4 + 1/60*p**5 + 2/3*p**3 + 0*p + 0. Determine v(3).
-5
Let d(i) = -7*i**2 + i - 9. Let g(u) = 22*u**2 - 4*u + 28. Let b(s) = 16*d(s) + 5*g(s). Calculate b(-3).
-10
Let c(r) = -r**3 - 7*r**2 - 4*r + 6. Let q(z) = -z**2 - z + 1. Let x(w) = c(w) - 5*q(w). What is x(-1)?
-1
Let o(k) be the second derivative of k**5/20 + 5*k**4/12 - 4*k**3/3 - 9*k**2/2 + 3*k. Suppose 0 + 6 = -r. What is o(r)?
3
Let i = 209/4 + -52. Let b(a) be the first derivative of 3/2*a**2 + i*a**4 + 1 + 3*a - 4/3*a**3. Calculate b(3).
3
Let x = 11 - 8. Let g(m) be the first derivative of -m**3/3 + 5*m**2/2 - 4*m - 4. What is g(x)?
2
Let j(r) = 2*r - 7. Let t be j(5). Suppose -1 = 2*h - t. Let x(f) = -f**2 - h - f**3 + 0*f + 2*f**2 + f. Give x(1).
0
Let r(l) be the second derivative of l**5/20 + l**4/2 + 3*l**2/2 - 22*l. Calculate r(-6).
3
Let j(r) = 6*r. Let a be j(1). Let u(d) = d**3 + 0 - 6*d - 5*d**2 + 5 - 5. Give u(a).
0
Suppose -5*s + 6 + 14 = 0. Let h(m) be the first derivative of -2*m - 1/2*m**s + 1 + 0*m**3 + 1/2*m**2. Determine h(-2).
12
Suppose y - 6*y - 8 = -2*g, -g - 3 = y. Let z(p) = -2*p**3 - p**2 - p - 1. Calculate z(g).
1
Suppose 6 = y + 8. Let o(s) = -2*s**2 - s + 2. Determine o(y).
-4
Let v(r) = -3 + 7*r**2 - 9*r + 0*r - 10*r**3 + 11*r**3. Determine v(-8).
5
Let k(v) be the third derivative of -v**4/24 + v**3/3 - v**2. Let u(z) = -z + 4. Suppose -5*h + 16 = -3*h. Let j be u(h). What is k(j)?
6
Let b(r) be the second derivative of -5*r**3/6 + 2*r**2 - 8*r. What is b(4)?
-16
Let p(y) = 4*y - y + 0 + y**3 + 6 + y**2 - 4*y. Let f = -2 - -1. Let j = -1 - f. Give p(j).
6
Let l(m) be the second derivative of m**4/2 - m**3/6 + m**2/2 + 10*m. Give l(1).
6
Suppose 2 = -3*a - 2*p - 2, 10 = 2*a - 5*p. Suppose -5*f + 9 + 6 = 0. Let l(g) = -2*g - 3 + f + a*g. What is l(1)?
-2
Let u(l) = -l + 13. Let j be u(13). Let c = -9 + 19. Suppose -4*g - n + 20 = 0, -g - 4*n = c - j. Let p(t) = t - 7. Determine p(g).
-1
Let h(z) be the second derivative of z**5/10 + z**4/12 - z**3/6 - z**2/2 + 3*z. Let r = -4 - -7. Suppose -r = s - 2. What is h(s)?
-1
Suppose -4*l + 3*d + d = -140, 5*l = 3*d + 167. Suppose 5*u - l = -6. Let i(c) = c + 1. Determine i(u).
6
Let t(g) be the second derivative of g**4/4 + g**3/2 + 3*g**2/2 + 58*g. Determine t(-2).
9
Let c(k) be the third derivative of k**4/12 - k**2 + 42*k. Let j(l) = -l**2 - 5*l + 1. Let b be 66/(-14) + (-4)/14. Let p be j(b). Determine c(p).
2
Suppose 3*c = w + 4, -4*c - 5 = 5*w - 4. Let a(f) = -7*f**2 + 4*f - 5. Let h(g) = -8*g**2 + 5*g - 6. Let v(y) = -6*a(y) + 5*h(y). What is v(w)?
1
Let f = -8 - -11. Let j = 6 + -1. Let s(b) = -3 + j - 5*b + 3*b + 0*b. Determine s(f).
-4
Let w(u) be the second derivative of u**3/3 - u**2/2 - 32*u. What is w(-3)?
-7
Let z(g) = g**2 + 4*g + 3. Let p(r) be the second derivative of -r**3/6 + 4*r**2 + 2*r. Let i be p(6). Suppose -4 = -0*t + i*t. Give z(t).
-1
Suppose w = 2*u, -2*w + 2*u = u. Suppose 0 = -4*v - w*v + 8. Let n(y) = -5*y + 6*y + 2*y**3 + 14*y**2 + 3 - 15*y**2 - 4*y. What is n(v)?
9
Let b(z) be the first derivative of -z**7/840 + z**6/360 - z**5/120 + z**4/12 - z**3/3 - 3. Let q(h) be the third derivative of b(h). Calculate q(0).
2
Let h be (-2)/(-4) - 18/4. Let c(j) = -5 - 5 + j + 13. Calculate c(h).
-1
Let y(v) = v**3 + 1. Suppose 5*m = m + 16. Suppose 0*z = -m*z. Determine y(z).
1
Let m(j) be the first derivative of -j**4/4 - 8*j**3/3 - 3*j**2 + j + 51. Determine m(-7).
-6
Suppose 2*n + l = -2*n - 15, -5*l = 3*n + 24. Let a(b) = -8*b + 2. Let q(y) = 7*y - 3. Let j(c) = n*q(c) - 4*a(c). Calculate j(-1).
-10
Let l(n) = -5*n**3 - 1. Let s be l(-1). Let r(y) = -6 + 10 + s - y**2 - 7 - 5*y. Calculate r(-4).
5
Let i(t) = -7*t**2 - t + 2. Let f(d) = 20*d**2 + 2*d - 5. Let a(n) = 6*f(n) + 17*i(n). Determine a(5).
4
Let n(g) = -g + 2. Let l be n(-3). Let j(u) be the third derivative of u**6/120 - u**5/12 - u**4/24 + 5*u**3/6 - 2*u**2. Determine j(l).
0
Let d(w) be the third derivative of -w**4/24 - 2*w**3/3 - 6*w**2. What is d(0)?
-4
Let m(d) = -2*d**2 - 4*d - 2. Let a be (8/(-12))/(2/(-9)). Suppose x + a*x + 8 = 0. What is m(x)?
-2
Let l be 170/45 + 2/9. Suppose -4*i - 12 = -4*h, 3*h - 2 = l*i + 8. Let k(p) = -h*p + p + 0*p - 4. Give k(0).
-4
Let j(p) = -14*p**3 - 27*p**2 + 24*p + 16. Let z(k) = -5*k**3 - 9*k**2 + 8*k + 5. Let d(i) = -6*j(i) + 17*z(i). What is d(8)?
-11
Let g(p) = -p**3 + p + 1. Suppose -3*q + 9*q = -12. What is g(q)?
7
Suppose 0 - 4 = 2*b. Let v(z) = 2 + 5*z + 1 - 2*z. What is v(b)?
-3
Let s(l) = 4 - 8 + 1 + l. Suppose 6*q + 22 = 5*z + 3*q, -5*q = 4*z - 25. Calculate s(z).
2
Let a(n) = 4*n**3 - n. Let l be a(-1). Let t be ((-1)/2)/(l/36). Let f(y) be the third derivative of -y**5/60 + 7*y**4/24 - y**3/3 + 2*y**2 - 41. Give f(t).
4
Let s(q) be the first derivative of q**5/20 + q**4/12 - q**3/6 - q**2/2 + 2*q - 1. Let t(h) be the first derivative of s(h). Determine t(-1).
0
Let i(h) = h**2 - 11*h + 5. Let k(j) = j**2 - 9*j + 3. Let l(w) = -2*i(w) + 3*k(w). Let z be (-16)/(-6)*3/2. What is l(z)?
-5
Let n be (-35)/(-40) + 1/8. Let f(b) = -5*b**2 - 1. What is f(n)?
-6
Let l(o) = o**2 + o - 4. Let v(z) = -z**2 - z + 9 - 4 + 0*z**2. Let s(g) = -6*l(g) - 5*v(g). Suppose n + 3 = -2*f, 3*n = n + 4*f - 6. Give s(n).
-7
Let y(u) be the first derivative of -u**5/120 - u**4/12 + 4*u**3/3 - 2. Let l(k) be the third derivative of y(k). Let v = -5 - -9. What is l(v)?
-6
Let y be (-2)/(-8) - (-7)/4. Suppose -y = u - 3. Let c(h) = h**3 + 5*h**2 - 5*h**2 + 1 + 5*h**2 + u. Calculate c(-5).
2
Suppose 0 = 11*p - 7*p. Suppose 0 = -0*j + 2*j - o + 2, j + 4*o + 19 = p. Let q(t) = -4*t - 3. What is q(j)?
9
Suppose -i = 4*i. Suppose 3*l + i*l + 3 = 0. Let n(j) = 7*j**2 + 2*j + 1. Determine n(l).
6
Let h(b) be the third derivative of b**5/60 + 7*b**4/24 + b**3/2 - 10*b**2. What is h(-6)?
-3
Suppose -4*k - 16 = 0, 2*d + 5 = -3*k + 1. Let p(n) be the second derivative of n**3/6 - n. Calculate p(d).
4
Let u(v) be the first derivative of -v**4/12 + v**3/3 + 5*v - 3. Let y(h) be the first derivative of u(h). What is y(-2)?
-8
Suppose -6*r = -r + 25. Let f(d) = 4*d - 2. Let j(z) = z + 1. Let u(x) = r*j(x) + f(x). Suppose -15*l = -20*l. Determine u(l).
-7
Let r(b) = -6*b + b**3 + 2*b**2 - 3*b**2 + 3*b**2 - 1. Let w(o) = o**3 - 17*o**2 + 17*o - 20. Let h be w(16). Determine r(h).
-9
Suppose g + 2*v = 14, 53 = 4*g + 2*v + 9. Let f = g + -7. Let z(h) = -2*h**2 + f + 4*h + h**2 - 1. Give z(5).
-3
Let n(c) = c - 10. Let o be n(12). Let j(x) = -2*x**2 + 2*x**2 - x - x**o. Give j(-1).
0
Suppose -r - 2*m = -7*m - 16, 3*m = r - 10. Let o(i) = 7*i**2 + i - 1. Calculate o(r).
7
Let g(c) = -2*c - 5 - 1 + 4*c. Let j(t) = -t + 13. Suppose o + 0*o + 45 = 5*b, -5*o = -4*b + 57. Let a be j(b). What is g(a)?
4
Let j be (-4)/24*4*3. Let t(h) = h**3 + 3*h**2 + 2*h + 3. Determine t(j).
3
Let d = 10 + -8. Let a(k) = 6 + k - 3 - d. Let z = -13 - -9. Calculate a(z).
-3
Let v(n) be the second derivative of n**5/6 - n**3/6 - n**2 - 4*n. Let g(l) be the first derivative of v(l). Give g(-1).
9
Let b = -7 - -7. Suppose -4*y + b*y + 2*u = 10, u - 2 = -y. Let o(r) = -9*r**2. Give o(y).
-9
Let i(y) be the second derivative of 7*y**3/6 - 3*y. Give i(-1).
-7
Suppose 3*r - 2*b - 16 = 0, r + 18 = -0*r - 4*b. Let w(i) = 0*i**2 + 8 - 3 - 2*i**2 + i**r. Determine w(0).
5
Suppose 0 = -5*i + 5*l, 9 = -5*i + l - 5*l. Let m(v) = 2*v**2 + 2*v + 1. Give m(i).
1
Let x(i) = -i**3 + 6*i**2 - 2*i - 7. Suppose 0 = 4*k - 3*k - 3. Let s be (-1)/(-2) + k/2. Let u be 1/((-33)/(-15) - s). What is x(u)?
8
Let b = 131 + -139. Let c(s) = s**3 + 7*s**2 - 10*s - 12. What is c(b)?
4
Let y = 8 + -5. Suppose 2*s + y = -1. Let j be s/(-8) + 12/16. Let o(f) = 3*f**3 - f**2 + f - 1. What is o(j)?
2
Suppose 0 = 4*o + 33 - 117. Suppose 2*q = -o + 13. Let y(x) = -2*x**2 - 6*x - 1. Determine y(q).
-9
Suppose -1 + 11 = -5*l. Let i